is the value of -2 - -27 - (-6 - (-24 + 7) - 4)?
18
What is -14 + -15 + (8 - -20) + 25?
24
What is the value of 3 + (-14 - -2) + (-1 - 50) + 34?
-26
What is 14 + -8 + -9 - 7?
-10
Evaluate (-9 - (32 - 34)) + 51 + 0 - 4.
40
What is -3 - 8 - (10 - (27 - 41))?
-35
Calculate 6 + 0 + -11 + 5 + -30.
-30
Evaluate 17 - 19 - -1 - 7.
-8
What is the value of 17 + -19 - (-4 - 0) - (4 + -1)?
-1
Calculate 38 - (-13 - (-11 - 22)).
18
Evaluate -28 - -16 - (3 - (-1 - (-32 + 4))).
12
Evaluate (51 + -20 - 26 - (7 + 1)) + 22.
19
What is the value of (0 - (-2 - 5 - -4)) + 0 + 4?
7
What is -25 + (280 - 292 - (-25 - 1))?
-11
Calculate -6 + -4 + -3 + -6 + (-1 - 7).
-27
Calculate 6 + 7 + -2 - 17.
-6
Evaluate -20 + -16 + (26 - 15) + 16.
-9
What is -9 + 0 + 5 + 2 + 10 + -5?
3
6 - (1 + (-6 - 3) + 3)
11
What is the value of 2 + -6 + (19 - -2)?
17
Evaluate (-26 - -13 - 1) + 20.
6
(0 - (-10 + -2)) + 41 + -22 + -19
12
(-10 - -20) + -24 - (-6 + 6 + -5)
-9
Evaluate 3 + 0 + 4 + -29 + 5.
-17
What is the value of (-1 - 4) + 13 - (2 + 2)?
4
2 - (1 - (0 - (4 - (10 + -4))))
3
What is the value of -2 - (-1 + -1 + 22 + -26)?
4
What is 12 + (1 - (13 - 0))?
0
22 - 10 - (-3 + (4 - 7 - 1))
19
Evaluate 45 + -27 + 0 + -9 - 48.
-39
What is (5 - (-8 - -2) - 4) + -2?
5
Evaluate -18 + 13 + (23 - 18).
0
(-1 - (1 + 8) - (-13 - 0)) + -4
-1
What is 1 + 2 - (0 - 1) - (209 - 200)?
-5
Evaluate 167 - 178 - (2 + (-4 - 38)).
29
What is (0 - -12) + -23 - -3?
-8
11 + -3 + (5 - 0) + 165 + -168
10
6 + 4 + (28 - 34) - 15
-11
What is the value of -10 + -6 - -6 - -14?
4
4 + (-14 - (8 - 6)) + 5
-7
What is (19 - 20) + (0 - (0 - 7))?
6
Evaluate -10 - (0 - (-3 + 8) - 14).
9
Calculate -1 + 2 - (9 + -11) - 4.
-1
Evaluate 12 + 14 + -12 + -2 - (-1 + 2).
11
What is the value of 0 + -7 + (-14 + 34 - -19) + -2?
30
What is -4 - (-26 + 0 - (-6 + -3))?
13
What is the value of -28 - (-22 - 3 - 21)?
18
What is -1 + 2 + (-11 + 5 + 9 - 8)?
-4
What is the value of -8 + (1 - (-12 + -3)) + 2?
10
What is -37 + 37 + 0 + 13?
13
4 - (6 - (12 - 14))
-4
(1 - (-4 - -8)) + -21 + (19 - 7)
-12
What is (-10 - (-6 + 5 - -8)) + (2 - -4)?
-11
What is -59 + 33 + 26 - (-5 - (18 + -3))?
20
Evaluate 10 + (8 - (-14 - -11) - 18).
3
-29 + (55 - 58 - (-6 - -3))
-29
Evaluate -5 - (1 + 0) - (-37 + 11 - -31).
-11
What is (1 - 0) + 1 - (-18 - -11 - -12)?
-3
Evaluate -7 - -10 - -17 - -16.
36
-9 + (128 - 132) + 0 + 2 + 0
-11
What is the value of -12 + 23 - ((-17 - -8) + (4 - -6))?
10
Calculate 13 - (9 - (10 - (1 - 20))).
33
Evaluate -3 + -7 + 4 + -1 - -3.
-4
What is the value of (0 + -1 - 3) + 7 + -7?
-4
Calculate -2 + (-3 - 0) + 8 - -10.
13
What is -3 - -13 - (7 - -5 - 11 - 14)?
23
(6 - 7) + -14 - -2
-13
Calculate 1 + -12 + (-98 - -103).
-6
What is (-11 - 2) + 9 + 2?
-2
Evaluate (-4 - 25) + -11 + 4 - -11.
-25
Calculate 5 + (8 - 7) + 4 - -2.
12
361 - 365 - (13 + 1)
-18
-5 - (-12 - 2 - -4) - -1 - 2
4
-8 + 0 + 3 + -9 + 4 - 8
-18
Evaluate (-4 - (1 + 0)) + -28 + 8.
-25
What is the value of -5 + 10 - (-5 + 9 - -5)?
-4
What is the value of 3 - 3 - (-4 - 3)?
7
Evaluate 28 - (3 - -17) - (-1 + 13).
-4
Evaluate (28 - 21 - (-3 - 7 - 2)) + -2.
17
What is the value of -6 + -13 - (-24 + 3)?
2
What is the value of (-55 - -61) + -10 + 1 + (-9 - 0)?
-12
What is -234 + 238 - (2 - (7 + (-2 - -3)))?
10
What is -5 + 10 + -23 - -21?
3
-3 - (-30 - (-98 + 41))
-30
Evaluate 0 - (2 + 1 + -7 - -3) - 17.
-16
Calculate -9 + 20 + (3 - (6 + -1)).
9
Calculate (126 - 114) + (-9 - ((3 - -1) + -4)).
3
What is 1 + (-1 - -1) + (-173 - -180)?
8
What is 23 - (7 - (28 - 17))?
27
-4 - (-4 + -2 - -16)
-14
What is the value of (-485 + 492 - (1 - -17)) + (0 - -20)?
9
Calculate (-6 - -7) + (-2 - 2) + 2 + 8.
7
Evaluate 30 + (-2 - (2 - (0 - -6)) - 8).
24
26 - (21 + -17 + 15)
7
What is the value of -24 - ((-14 - -15) + -1 - 12)?
-12
Evaluate (2 - 6) + -3 - (-3 + -5).
1
Calculate 7 - 1 - (-8 + (13 - -10)).
-9
Calculate (5 + 5 + -10 - -3) + -11 + 6.
-2
What is the value of (22 - (-3 + 18) - (-3 - -32)) + -3?
-25
What is the value of 32 + -30 + -2 + -3?
-3
Evaluate -983 + 964 + 1 + 14 + -1.
-5
What is the value of -7 - (2 + -1 + 2) - 3?
-13
What is the value of 10 - ((-14 - (3 - -3)) + 8) - 7?
15
Evaluate 22 - (4 + 9) - 1.
8
Evaluate 19 - 17 - (10 - 1).
-7
What is the value of -4 + 23 + -17 - 12?
-10
Calculate 39 - (8 + -33 + 53).
11
(1 - 3) + -45 + 47 + -3 + -6
-9
What is the value of (-5 - 4 - 4) + 19 + -24?
-18
What is the value of 7 + 2 + ((5 - 7) + 12 - 36)?
-17
Evaluate 6 - 2 - (-15 + 17 + 7).
-5
Calculate -53 - ((8 - (-8 - -15)) + -19).
-35
Evaluate 18 - (-4 + 8 + (-6 + 6 - 5)).
19
What is the value of -7 - (-2 - (-4 + 8)) - (-4 - -1)?
2
Evaluate -6 - (-33 - (3 - (6 - 1) - 4)).
21
Evaluate 14 - -15 - (10 - -15).
4
-6 - ((-16 - -8 - -8) + 5 + -3)
-8
-2 + 10 + (63 - 63)
8
Evaluate 18 + -1 + 124 + -137.
4
Evaluate 10 + (-35 - -13) + 25.
13
(0 - -9) + -4 + -6 + -5
-6
Evaluate 8 - 0 - (-46 + 58).
-4
Calculate 5 - -8 - 0 - 2.
11
21 - 19 - (-8 - -16 - (1 - 2))
-7
What is the value of (-1 - -8 - (-27 + 26)) + (-1 - -2)?
9
(0 - -14) + 14 + (3 - 25) + 17
23
Evaluate 4 + -1 + -2 + -22 + 45.
24
Calculate (5 - -8) + -7 + 5 - -11.
22
Calculate 29 - (-13 + 50 + -18) - (12 - -1).
-3
Evaluate 11 + -2 - (-1 + -9 - -15).
4
What is the value of -14 + (-7 - (-23 + (-5 - -13)))?
-6
Evaluate 807 - 812 - (-1 - 2 - 0).
-2
What is 1 - ((4 - 2) + 5) - (12 - 8)?
-10
What is (4 - 3) + -49 + 58?
10
(-28 - -11) + 14 - 1
-4
What is the value of -3 + -2 - -5 - (39 - 69)?
30
4 - 9 - (-13 + 12 + -11)
7
-4 + (8 + -1 - (16 + 16 + -34))
5
Calculate -6 + (7 - 1) + -12 + 1.
-11
(-23 - (-5 + -18)) + (-1 - -2)
1
What is the value of -11 + (4 + -7 - -3) - (-3 + 5)?
-13
Calculate 2 + -1 + -36 + 7.
-28
Calculate 9 - (5 - (6 + -11 + -3)).
-4
What is the value of 30 + -8 + -29 - -10?
3
6 - (-2 + -6 - (1 - 2))
13
Calculate 2 - ((-3 - (3 - 4) - -4) + -5).
5
Calculate 9 + (-5 + 21 - -2).
27
What is the value of -44 - (4 - (35 + -5) - -12)?
-30
Calculate (-3 - 5) + (28 + 14 - -8) + -6.
36
What is (7 - (-5 - -4)) + -4 + -4 + 14?
14
Calculate 5 - 12 - (12 + -17 - (0 - 1)).
-3
40 + -28 - (7 - (5 + (-5 - -7)))
12
39 + 12 + -27 - 16
8
Evaluate 1620 + -1655 + 1 + 40.
6
-8 + 1 + 12 + 11 + -16 + 6
6
Calculate (-2 - -9) + (8 - 25 - -20).
10
What is the value of (0 - 11) + (3 - 0) + (-10 - -15)?
-3
Calculate 3 - 3 - 16 - (-62 - -36).
10
Evaluate -48 - (-26 - -7 - 13).
-16
What is -21 + 7 + 11 + -4 + 0 + -6?
-13
Evaluate 2 + (6 - 11) + -3 + 3 + 4.
1
Evaluate 7 + -9 + 7 + -8 - (-8 - -2).
3
0 + 4 + -7 + -20
-23
Calculate (-67 - 14) + 42 + 25.
-14
(-24 - (-19 + 11)) + 4 + -2 + 2
-12
Evaluate -7 - (18 + 18 + -29 - (18 + 0)).
4
What is 13 - (-19 - (-12 - 10))?
10
-1 + 0 - -7 - (28 - (30 + -4))
4
-7 + 65 - (39 - 9)
28
Evaluate -8 - (6 - ((3 - -6) + -1)).
-6
(-23 - 7 - -24) + 10
4
What is the value of 14 - (16 + (-4 - 4))?
6
Evaluate 10 + 5 - ((-2 - 2) + 17 + -11).
13
Evaluate -1 - (-25 - -25 - -20).
-21
What is the value of -22 + 105 + -18 + -33?
32
17 + -4 - 15 - 4
-6
3 - (5 + -8 + 4)
2
What is the value of 8 + -4 + -3 + 4 + 7 + 2?
14
What is the value of -2 - -3 - (2 + (-3 - (-2 + -3)))?
-3
What is the value of -23 - (3 - (2 + 8)) - -2 - -3?
-11
Evaluate -18 - (-37 + 25) - (-2 + -2 + 2).
-4
-383 + 384 - (0 + 23)
-22
(-2 + 1 + 0 + -10 - -5) + -12
-18
1 + (-22 - -9 - -11) + 1 + -9
-9
Evaluate (-5 - -36) + -58 + -1 + 12.
-16
What is the value of -1 + (7 - 4 - -14) + -9?
7
Calculate (10 + -3 + -3 - 47) + 14.
-29
Evaluate 9 + -16 - (22 - 44).
15
Evaluate -3 - -8 - (9 - (-6 - -5)).
-5
Evaluate 0 - (0 - -3) - (12 + -6 - 4).
-5
Evaluate -28 - (29 - (22 - -34)).
-1
Calculate (1 - (3 + -9)) + (40 + -19 - 30).
-2
Evaluate (-9 - -17) + -20 + 16.
4
Calculate (-4 - (11 - 17)) + 1.
3
-14 + 7 - (8 + 19 + -11)
-23
What is -434 + 430 - (6 - 1 - (0 - 1))?
-10
Evaluate 16 + 1 + -91 + 81 - 20.
-13
What is 5 + (-10 - 6 - (-3 - 2)) - -7?
1
Evaluate -11 - (-20 + 40) - -43.
12
What is (-23 - (-24 - 1)) + 1 + 18?
21
Evaluate (-3 - (0 + 3)) + (32 - 15).
11
Evaluate 8 + 0 - ((1 - 0) + 13).
-6
What is the value of -3 + (-1 - -15) - -3?
14
Calculate 1 + (-14 - -29 - 5).
11
Calculate 8 + (-14 - (-5 - (-4 + 11))).
6
What is the value of -2 + 9 + -7 + (-25 - -30)?
5
-2 + -1 - (7 + -22 - -32)
-20
58 + -8 + -9 + -12
29
(7 - (1 - 2)) + (-8 - -6)
6
What is the value of 0 + (0 - -2) - (3 + -10)?
9
Ev